what is -1b - 20?
-3b
In base 3, what is -12 - 1122212?
-1200001
In base 3, what is -12 - -11?
-1
In base 2, what is -1 - -1111?
1110
In base 5, what is -11 + -233?
-244
In base 8, what is -4440 - -2?
-4436
In base 15, what is -8 + 14?
b
In base 13, what is 155 - -36?
18b
In base 13, what is 3 + 38?
3b
In base 14, what is 3d + 1a?
59
In base 13, what is c + 3b7?
3c6
In base 4, what is -1 + 2032?
2031
In base 8, what is 4 + -2033?
-2027
In base 5, what is -4 - -41311?
41302
In base 2, what is 100 + 1001011000?
1001011100
In base 11, what is -69a8 + -5?
-6a02
In base 7, what is 2203 - -11?
2214
In base 5, what is 1030 + -113?
412
In base 8, what is 1 + 4?
5
In base 11, what is 160 + 2?
162
In base 9, what is 325 - 22?
303
In base 10, what is 594 + -5?
589
In base 6, what is 2 + -5?
-3
In base 3, what is 11111 - 20100?
-1212
In base 2, what is -1 + -100000000110?
-100000000111
In base 2, what is 10001 + 100011?
110100
In base 14, what is 46 - 8a?
-44
In base 16, what is -3d8 - 0?
-3d8
In base 11, what is 58 - 0?
58
In base 7, what is -3225 - 3?
-3231
In base 14, what is -8a5 - -3?
-8a2
In base 9, what is -104 + 1?
-103
In base 12, what is 125 + -1?
124
In base 3, what is -20101 - -2?
-20022
In base 13, what is -16a + -4?
-171
In base 16, what is -1 - 3c?
-3d
In base 16, what is 2 + -29?
-27
In base 6, what is -415 + 0?
-415
In base 11, what is 4a + 4?
53
In base 4, what is 1 - 320?
-313
In base 14, what is -6d + -13?
-82
In base 10, what is -16 + -19?
-35
In base 10, what is 22 + 199?
221
In base 11, what is 4 - 16a?
-166
In base 9, what is 2 + -6?
-4
In base 5, what is -1120 + -12?
-1132
In base 11, what is -5876 - -3?
-5873
In base 6, what is 10 - -104?
114
In base 4, what is -3313122 - 10?
-3313132
In base 9, what is -1 + 51?
50
In base 3, what is -2 + -121222?
-122001
In base 13, what is -14 + 17?
3
In base 16, what is -120 + 5?
-11b
In base 8, what is 21 - 5?
14
In base 7, what is -56 - -644?
555
In base 9, what is 6 + 243?
250
In base 4, what is -1313 + 23?
-1230
In base 15, what is 158 - d?
14a
In base 11, what is 1049 + 2?
1050
In base 8, what is 1 - 657?
-656
In base 10, what is -1178 + -4?
-1182
In base 7, what is 4 + -3252?
-3245
In base 8, what is -760 - -2?
-756
In base 3, what is -1212 + 10?
-1202
In base 14, what is 30 + 5?
35
In base 2, what is -110 - 1101111?
-1110101
In base 4, what is -103010 - -3?
-103001
In base 15, what is a7 + 1?
a8
In base 10, what is -114 + -25?
-139
In base 7, what is 62 + 20?
112
In base 8, what is 26 + -221?
-173
In base 15, what is 2 - 39b?
-399
In base 5, what is -4143 + -113?
-4311
In base 11, what is 11 - 41?
-30
In base 12, what is -5 - 125?
-12a
In base 4, what is 31113 - 13?
31100
In base 16, what is 7 + -1?
6
In base 5, what is 0 + 143?
143
In base 11, what is -98 + -4?
-a1
In base 8, what is -3 + 3013?
3010
In base 8, what is 236 + -10?
226
In base 7, what is 426 + 33?
462
In base 7, what is -32106 + -3?
-32112
In base 9, what is 13 - 47?
-34
In base 13, what is -4 + -5c?
-63
In base 4, what is -31 - -30310?
30213
In base 5, what is 11 - 410?
-344
In base 9, what is 5 - 3805?
-3800
In base 12, what is -152 + 4a?
-104
In base 4, what is -113 + -1011?
-1130
In base 4, what is -1122 + 201?
-321
In base 3, what is 120 - -11200?
12020
In base 5, what is -100 + 100?
0
In base 12, what is 0 + -28?
-28
In base 14, what is 981 - -1?
982
In base 7, what is 12411 - 4?
12404
In base 7, what is 100 - 5?
62
In base 6, what is 0 - 1445?
-1445
In base 14, what is 66 + -1a?
4a
In base 7, what is -12 - -3?
-6
In base 2, what is -100 - 10001001100?
-10001010000
In base 15, what is -23 + 3?
-20
In base 7, what is -2 - 263?
-265
In base 13, what is -5 + -7b7?
-7bc
In base 4, what is 2030 + 130?
2220
In base 15, what is a0 + 4?
a4
In base 4, what is 30 + 1301?
1331
In base 14, what is -16a9 - 0?
-16a9
In base 15, what is -242 + 5?
-23c
In base 10, what is 2 + 234?
236
In base 15, what is -ac - -4?
-a8
In base 3, what is -10210 - -1111?
-2022
In base 16, what is -7a30 - 2?
-7a32
In base 9, what is -585 - 65?
-661
In base 11, what is -34 - 32?
-66
In base 2, what is 110 + -11100?
-10110
In base 12, what is -332a - -1?
-3329
In base 13, what is 572 - 5?
56a
In base 16, what is b - -389?
394
In base 2, what is -11 + 111000000?
110111101
In base 5, what is 100 + 1?
101
In base 9, what is -3137 + 4?
-3133
In base 6, what is -440 - 3?
-443
In base 14, what is 29 - -d?
38
In base 15, what is -39 - -1?
-38
In base 2, what is -101 - 110010?
-110111
In base 2, what is -1011110000 + 11?
-1011101101
In base 5, what is -23 - 2?
-30
In base 10, what is -24 + 2?
-22
In base 5, what is -13120 + 2?
-13113
In base 6, what is -25 + 2343?
2314
In base 14, what is -759 - 1?
-75a
In base 3, what is 1 + -1001?
-1000
In base 7, what is -1 - 122?
-123
In base 8, what is 2 + -6?
-4
In base 7, what is -3463 - -4?
-3456
In base 8, what is -4 + 233?
227
In base 5, what is -3 + -11?
-14
In base 8, what is 2 - 1445?
-1443
In base 4, what is 22 + -1?
21
In base 2, what is 0 - 1000011?
-1000011
In base 14, what is -101 + -14?
-115
In base 10, what is -46 + -90?
-136
In base 12, what is 5 - 14?
-b
In base 16, what is -4 - 4?
-8
In base 2, what is 111 - -1011?
10010
In base 3, what is -1202 + -22?
-2001
In base 16, what is -6 + 84?
7e
In base 8, what is 1 + -304?
-303
In base 6, what is 134 + 2342?
2520
In base 2, what is 1010100 - 10010?
1000010
In base 4, what is -212103 - -3?
-212100
In base 2, what is 100 - -1011000?
1011100
In base 13, what is -532 - 5?
-537
In base 10, what is 49409 - 3?
49406
In base 8, what is -37 + 11?
-26
In base 5, what is 102401 + -11?
102340
In base 9, what is 3 - 442?
-438
In base 2, what is -110010110 - 10?
-110011000
In base 15, what is -20dd - 5?
-20e3
In base 9, what is -14 - -30?
15
In base 16, what is -182 - 4?
-186
In base 12, what is 1 - -27?
28
In base 5, what is 4111 - 4?
4102
In base 7, what is 4 + -1251?
-1244
In base 9, what is 4 - 38?
-34
In base 4, what is -2220 + -1?
-2221
In base 8, what is 14 - -15?
31
In base 15, what is -3 - -7c5?
7c2
In base 13, what is 6b5 + -3?
6b2
In base 6, what is 4325 - -3?
4332
In base 11, what is 45 + 6?
50
In base 6, what is -125 - -50?
-35
In base 4, what is 3 - -230?
233
In base 3, what is -10 - -2001111?
2001101
In base 5, what is 242 - 0?
242
In base 6, what is -115 + -3?
-122
In base 16, what is -122 + -2?
-124
In base 12, what is -5a - 13b?
-199
In base 13, what is -178 + 1?
-177
In base 13, what is 22c9 - -5?
2301
In base 2, what is 110010100 - 11?
110010001
In base 12, what is -b5 - 5?
-ba
In base 4, what is -110321 - 3?
-110330
In base 9, what is -451 + 36?
-414
In base 5, what is 21332 - -1?
21333
In base 16, what is 21 - 20?
1
In base 14, what is 3c - -1b?
59
In base 7, what is 30112 - -5?
30120
In base 2, what is -10100010111 + -11?
-10100011010
In base 14, what is -6a + 0?
-6a
In base 6, what is -30 - 13?
-43
In base 3, what is -12012 - 1?
-12020
In base 6, what is -5 + -343?
-352
In base 12, what is 20 + -2?
1a
In base 10, what is 905 - 3?
902
In base 9, what is 5 + -52?
-46
In base 16, what is -5255 - 0?
-5255
In base 7, what is -66 - 13?
-112
In base 5, what is 20 + -3301?
-3231
In base 3, what is 1 - -20012?
20020
In base 11, what is -4 - -38?
34
In base 16, what is 1 - -1185?
1186
In base 7, what is 0 + -6642?
-6642
In base 11, what is -2 - 197?
-199
In base 6, what is -3 - 3011?
-3014
In base 5, what is -10 - -20214?
20204
In base 15, what is 9 + 19?
23
In base 13, what is -b - -29?
1b
In base 8, what is 2 + -77?
-75
In base 14, what is 2 - 61?
-5d
In base 14, what is 3 - 20?
-1b
In base 14, what is 6 - 3b?
-35
In base 11, what is 5 - 17?
-12
In base 16, what is -9 + -146?
-14f
In base 11, what is -2 + -9?
-10
In base 16, what is 14 - 10d?
-f9
In base 11, what is 3 + 991?
994
In base 11, what is 48a1 - 2?
489a
In base 16, what is -17 + 7?
-10
In base 7, what is -334 + 6?
-325
In base 6, what is 2 + -43?
-41
In base 4, what is -10 - -131?
121
In base 2, what is 1000101110100 - -101?
1000101111001
In base 14, what is 0 - -915?
915
In base 6, what is -2 + -1445?
-1451
In base 16, what is -3 - -a9d?
a9a
In base 13, what is 8 - 21?
-16
In base 16, what is 2 - a?
-8
In base 3, what is 10011 - 11?
10000
In base 6, what is -4 - 251?
-255
In base 16, what is 